late the highest common factor of 92414 and 2758896.
2254
Calculate the highest common divisor of 170 and 5229421.
17
Calculate the highest common divisor of 2121 and 123564511.
707
What is the greatest common factor of 49617 and 37703?
37
Calculate the highest common divisor of 1913 and 20639357.
1913
What is the highest common divisor of 35840741 and 1707?
569
Calculate the greatest common divisor of 2308064 and 23572.
332
Calculate the greatest common factor of 12987 and 3809.
13
What is the highest common factor of 10082008 and 19?
19
Calculate the highest common divisor of 551446 and 43974.
14
What is the greatest common divisor of 3212931 and 4026?
183
Calculate the highest common divisor of 178 and 2427409318.
178
Calculate the greatest common divisor of 465864 and 380136.
1128
What is the highest common factor of 31024 and 326928?
112
What is the greatest common divisor of 408 and 4092852?
204
What is the greatest common divisor of 478374 and 156?
78
What is the highest common divisor of 363115770 and 15?
15
What is the highest common factor of 7093629 and 31536?
1971
Calculate the highest common factor of 902 and 1056022.
22
What is the greatest common divisor of 61 and 17376887?
61
What is the greatest common factor of 53540927 and 363?
121
Calculate the highest common divisor of 180102744 and 3416.
488
Calculate the greatest common factor of 167894299 and 1237.
1237
Calculate the greatest common divisor of 24459392 and 16.
16
Calculate the greatest common factor of 24987086 and 5122.
394
What is the highest common factor of 174 and 156248172?
174
What is the highest common divisor of 281472 and 3072?
384
What is the highest common factor of 160 and 11880352?
32
Calculate the highest common factor of 638696 and 686.
2
What is the highest common divisor of 205 and 70125?
5
Calculate the highest common factor of 256 and 1927744.
64
What is the highest common factor of 131696 and 1280?
16
What is the highest common divisor of 136 and 1886126948?
68
What is the greatest common factor of 15982 and 4715476?
262
Calculate the greatest common factor of 14764292 and 342.
38
What is the greatest common factor of 93504 and 32858864?
7792
Calculate the greatest common factor of 7254 and 1336410.
558
Calculate the greatest common divisor of 22413228 and 64.
4
Calculate the greatest common divisor of 50029 and 66395.
49
Calculate the highest common factor of 44962272 and 252.
36
What is the highest common factor of 2316 and 1707278?
386
What is the greatest common factor of 25365736 and 11?
11
Calculate the highest common divisor of 8634321 and 45.
9
What is the greatest common divisor of 9944271 and 18?
9
Calculate the greatest common factor of 11130 and 30157.
53
What is the highest common divisor of 381575 and 4025?
25
Calculate the greatest common divisor of 15546292 and 4.
4
What is the greatest common divisor of 38070 and 9388485?
2115
Calculate the greatest common divisor of 1762649 and 2001.
29
Calculate the greatest common divisor of 1559145 and 1680.
105
What is the greatest common divisor of 24743235 and 45?
15
Calculate the highest common factor of 18272413 and 58767.
1031
Calculate the highest common divisor of 192060699 and 3.
3
Calculate the highest common factor of 5837548 and 3580.
716
Calculate the highest common factor of 214273376 and 282.
94
Calculate the greatest common factor of 62258 and 21336706.
8894
What is the greatest common factor of 366 and 809058921?
183
Calculate the highest common divisor of 380944 and 1582008.
232
Calculate the greatest common factor of 324 and 1460160.
108
What is the greatest common factor of 4324408 and 11?
11
Calculate the greatest common divisor of 9381 and 146379.
177
What is the highest common factor of 63 and 143731728?
63
What is the highest common divisor of 1840 and 21988940?
20
What is the highest common divisor of 3083908 and 25888?
3236
Calculate the highest common factor of 13853499 and 2112.
33
What is the greatest common divisor of 3497039 and 1759849?
7553
What is the greatest common divisor of 48925 and 54592472?
1957
Calculate the greatest common factor of 244996280 and 40.
40
What is the greatest common divisor of 8 and 19821728?
8
Calculate the greatest common factor of 739930 and 115290.
610
Calculate the greatest common divisor of 133354190 and 20.
10
Calculate the highest common factor of 13762 and 861238.
14
What is the greatest common factor of 41041292 and 92?
92
What is the greatest common divisor of 1002927445 and 247?
247
Calculate the highest common divisor of 7929 and 9378245.
881
What is the highest common factor of 721 and 29402071?
103
Calculate the highest common divisor of 42091727 and 2263.
73
What is the highest common divisor of 4937296 and 10416?
112
What is the highest common divisor of 63373280 and 184?
184
What is the highest common factor of 508601 and 33777?
139
Calculate the greatest common factor of 425 and 12083345.
85
Calculate the highest common factor of 1325 and 883563.
53
Calculate the greatest common divisor of 4 and 94630267.
1
Calculate the highest common factor of 1677428 and 3.
1
What is the greatest common divisor of 30932 and 12616?
76
Calculate the greatest common factor of 321216 and 19087257.
5019
Calculate the highest common divisor of 634106 and 39886.
814
What is the greatest common factor of 3674616 and 206646?
2046
What is the greatest common factor of 1373313 and 11679?
687
Calculate the highest common divisor of 17496 and 58584.
24
Calculate the greatest common factor of 39729960 and 6840.
360
Calculate the greatest common divisor of 12106 and 412.
2
Calculate the highest common divisor of 19456326 and 54.
18
Calculate the greatest common factor of 45581368 and 4.
4
Calculate the greatest common divisor of 613795712 and 256.
128
What is the greatest common divisor of 12706142 and 2?
2
Calculate the highest common factor of 2046 and 436728.
186
Calculate the highest common divisor of 5105 and 208765912.
1021
Calculate the highest common divisor of 468 and 4647396.
156
What is the greatest common divisor of 11653291 and 59437?
1213
Calculate the greatest common factor of 48 and 34487360.
16
Calculate the highest common factor of 124507656 and 1519.
217
What is the highest common divisor of 1962 and 3962804?
218
Calculate the highest common divisor of 337649 and 117.
13
What is the greatest common divisor of 1126 and 9200?
2
Calculate the highest common divisor of 3108 and 16359994.
518
What is the highest common factor of 47225395 and 140?
35
What is the highest common factor of 605330424 and 20349?
2907
What is the greatest common factor of 3965 and 924040?
65
Calculate the greatest common factor of 3808 and 200076128.
3808
Calculate the highest common factor of 3076 and 286382521.
769
Calculate the greatest common divisor of 1344 and 33494496.
672
Calculate the greatest common factor of 64937641 and 29.
29
Calculate the highest common divisor of 25208 and 180320.
184
Calculate the highest common factor of 6355 and 10173735.
155
What is the greatest common divisor of 25545 and 1027468?
13
Calculate the highest common divisor of 16 and 1626544.
16
Calculate the highest common divisor of 15437823 and 36747.
4083
Calculate the highest common factor of 55751740 and 11.
11
Calculate the highest common factor of 6463 and 13723478.
281
What is the greatest common divisor of 663124 and 151228?
308
Calculate the highest common factor of 34342887 and 184.
23
Calculate the greatest common divisor of 6 and 658210.
2
Calculate the greatest common factor of 349084 and 16351.
197
Calculate the highest common divisor of 308948 and 200.
4
Calculate the greatest common factor of 3557750 and 1064.
266
What is the greatest common factor of 73338 and 38658?
102
What is the greatest common factor of 20060 and 417860?
340
What is the highest common divisor of 16150 and 5011022?
646
What is the greatest common divisor of 336 and 148512456?
24
Calculate the highest common factor of 33661830 and 908.
454
Calculate the greatest common divisor of 342 and 80015094.
18
What is the greatest common factor of 99358644 and 4037?
4037
What is the highest common divisor of 3 and 138081708?
3
What is the greatest common divisor of 366 and 757499586?
366
Calc